1125578833 a prime number?
False
Is 653529517 prime?
True
Is 1251422233 prime?
True
Is 32030561609 composite?
True
Is 499888217 a composite number?
True
Is 56985484351 a composite number?
True
Is 385726247 a composite number?
True
Is 57939207587 prime?
False
Is 14610172561 composite?
False
Is 10883042881 prime?
False
Is 915670571 a composite number?
True
Is 38513750911 prime?
True
Is 890424077 prime?
False
Is 106034917 a composite number?
False
Is 14341634291 a prime number?
False
Is 1342573367 composite?
True
Is 511948945 composite?
True
Is 2142597883 composite?
True
Is 354437417 a prime number?
True
Is 284497905337 a prime number?
True
Is 15276343391 composite?
False
Is 5486144997 a composite number?
True
Is 459211283 a prime number?
True
Is 8936895223 a composite number?
True
Is 2689559129 a composite number?
True
Is 80513744867 a composite number?
True
Is 658868999 composite?
False
Is 47563202165 prime?
False
Is 194751929 a prime number?
True
Is 260748947317 prime?
False
Is 974448427 prime?
True
Is 1449878929 prime?
False
Is 8317764061 a composite number?
False
Is 413418557 a composite number?
True
Is 11178544919 a composite number?
True
Is 5870971517 a composite number?
False
Is 15548234059 a composite number?
True
Is 85028371 composite?
True
Is 14281739441 a prime number?
True
Is 343554301 a prime number?
True
Is 17423583031 a prime number?
True
Is 152040001 composite?
True
Is 1547634259 a prime number?
False
Is 345411959413 a composite number?
False
Is 57694172519 a composite number?
False
Is 696583861 prime?
True
Is 2340146981 a composite number?
False
Is 905734463 a prime number?
True
Is 1520946263 a prime number?
True
Is 353338314807 a composite number?
True
Is 114394699 a composite number?
False
Is 25401044491 a prime number?
True
Is 6518147681 a composite number?
False
Is 11153414263 a prime number?
True
Is 142917485 a prime number?
False
Is 867082961 a composite number?
False
Is 9924018121 composite?
False
Is 2531959841 a composite number?
True
Is 11917691683 prime?
True
Is 153188082847 a prime number?
False
Is 2512838507 a composite number?
True
Is 963327961 composite?
True
Is 1968681259 composite?
False
Is 2721062171 composite?
False
Is 193809029 a prime number?
False
Is 159336730633 composite?
False
Is 2226368147 a composite number?
False
Is 745484101 prime?
False
Is 136257959 a composite number?
True
Is 136907627 composite?
False
Is 647063059 a composite number?
True
Is 292033846969 prime?
True
Is 24020153237 composite?
False
Is 2015315413 a prime number?
True
Is 74276429 prime?
True
Is 11228266831 a composite number?
False
Is 436055929 prime?
False
Is 4458815617 composite?
True
Is 48609161 composite?
False
Is 13805887049 a prime number?
False
Is 6262421687 a prime number?
True
Is 27803242151 prime?
False
Is 24394980937 composite?
True
Is 8227350169 a prime number?
True
Is 2083913891 a prime number?
True
Is 962661109 a prime number?
False
Is 7195569691 composite?
False
Is 6272562721 composite?
True
Is 16549331623 prime?
False
Is 164182744759 prime?
False
Is 161233203913 composite?
False
Is 2286363877 composite?
True
Is 36278917 a composite number?
False
Is 770718009 a composite number?
True
Is 153108577 composite?
False
Is 496922523145 a composite number?
True
Is 17972931 composite?
True
Is 13725640597 composite?
False
Is 34864628371 a composite number?
True
Is 1830293939 a prime number?
True
Is 326604529 prime?
False
Is 1986513211 a prime number?
False
Is 93343211489 a composite number?
True
Is 5274125489 prime?
True
Is 12890625401 a prime number?
True
Is 3479881393 prime?
False
Is 1057439431 a composite number?
True
Is 3227828941 composite?
True
Is 3417948917 composite?
False
Is 180377869115 composite?
True
Is 740854111 composite?
False
Is 39832473673 prime?
True
Is 2562036713 a composite number?
False
Is 2455094795 composite?
True
Is 19942473191 prime?
False
Is 2726491141 a prime number?
False
Is 1223702498 a composite number?
True
Is 935256599 composite?
False
Is 1564589711 a composite number?
False
Is 574546391 composite?
False
Is 9825350147 prime?
False
Is 567405793 a composite number?
True
Is 140130091 a prime number?
True
Is 1031860099 composite?
True
Is 144238967 a prime number?
False
Is 1314283177 a prime number?
False
Is 556269041 a prime number?
False
Is 1148819377 prime?
True
Is 3683582263 composite?
True
Is 5146973717 prime?
True
Is 896591947 prime?
False
Is 875427853 a composite number?
False
Is 134070557 composite?
True
Is 772798681 composite?
True
Is 3716602759 a prime number?
True
Is 1045645453 a prime number?
True
Is 910762417 a prime number?
True
Is 870653177 a composite number?
False
Is 18713765311 a composite number?
True
Is 3594074947 prime?
False
Is 16254480413 a prime number?
True
Is 9005332571 prime?
False
Is 44631565787 prime?
True
Is 266482493 composite?
True
Is 3089420827 a prime number?
False
Is 164249231939 prime?
False
Is 1260695927 composite?
False
Is 35217077459 a composite number?
False
Is 80913809 a composite number?
False
Is 276165469 a composite number?
False
Is 219152309 composite?
False
Is 58703084737 a prime number?
False
Is 23199542017 a composite number?
True
Is 13110047 prime?
True
Is 5968514518 prime?
False
Is 2950864219 composite?
True
Is 367636666 a prime number?
False
Is 8668079377 prime?
True
Is 454386293 a prime number?
True
Is 2377132451 a prime number?
False
Is 39828924797 composite?
False
Is 16206217 a composite number?
False
Is 109375313 a composite number?
False
Is 77605807 composite?
False
Is 569401297 a prime number?
True
Is 662523427 composite?
True
Is 3915583937 a prime number?
True
Is 1225303423 prime?
False
Is 250860741 composite?
True
Is 2653967153 a prime number?
True
Is 38386690541 a composite number?
False
Is 1951577899 composite?
True
Is 488517467 composite?
False
Is 7959724573 prime?
True
Is 141303506807 composite?
False
Is 12735962923 prime?
False
Is 3621589717 a prime number?
True
Is 627998909 a composite number?
True
Is 14355567139 a composite number?
True
Is 11167865461 a composite number?
True
Is 1696797169 a prime number?
True
Is 107387446099 a composite number?
True
Is 2620069931 a prime number?
False
Is 82785137 composite?
False
Is 32931546139 a composite number?
False
Is 1839990839 composite?
False
Is 2209264537 composite?
False
Is 742128799 composite?
True
Is 102783341737 composite?
False
Is 1542730271 a prime number?
True
Is 14911226537 prime?
False
Is 96137869771 prime?
True
Is 1545550997 prime?
True
Is 169328190299 a composite number?
True
Is 26546160299 a prime number?
True
Is 291296843 a prime number?
True
Is 13841409 prime?
False
Is 200386890205 composite?
True
Is 131172913 composite?
False
Is 13790692759 a prime number?
True
Is 64210277 a composite number?
True
Is 812588627 a prime number?
False
Is 19925160251 a composite number?
True
Is 1542637907 a composite number?
False
Is 1460651351 a prime number?
True
Is 12460271939 composite?
False
Is 12953298269 a composite number?
False
Is 6353830671 a composite number?
True
Is 16306315327 a composite number?
False
Is 4969458601 prime?
True
Is 4059796687 prime?
True
Is 820971847 prime?
False
Is 111082577 prime?
False
Is 21834329603 a composite number?
True
Is 563717233 a prime number?
False
Is 927934841 a composite number?
True
Is 104666983 a composite number?
False
Is 2437139689 composite?
False
Is 112148039869 a prime number?
True
Is 1800776359 prime?
True
Is 15337130245 composite?
True
Is 3878766623 composite?
True
Is 163786858 composite?
True
Is 945434011 composite?
False
Is 4532300798 prime?
False
Is 128497120831 composite?
True
Is 25484827933 a prime number?
False
Is 17269801 prime?
False
Is 908893427 a composite number?
True
Is 2183257271 a prime number?
False
Is 1744675721 a composite number?
False
Is 10984093 a prime number?
False
Is 1333584907 composite?
True
Is 474072479 composite?
True
Is 501478561 composite?
False
Is 9171947341 a composite number?
False
Is 201270253 a composite number?
True
Is 1961547187 a prime number?
False
Is 3627862123 composite?
True
Is 17275499 composite?
False
Is 143838763 a prime number?
True
Is 12303672013 prime?
True
Is 655714963 a prime number?
True
Is 2078250791 prime?
True
Is 124082698715 a prime number?
False
Is 6331170377 a composite number?
True
Is 63